{"id":21,"date":"2017-04-16T21:10:07","date_gmt":"2017-04-16T19:10:07","guid":{"rendered":"http:\/\/wp12911386.server-he.de\/fewo-wsb\/?page_id=21"},"modified":"2022-08-25T20:48:52","modified_gmt":"2022-08-25T18:48:52","slug":"buchung","status":"publish","type":"page","link":"https:\/\/fewo-waldsteinberg.de\/?page_id=21","title":{"rendered":"Buchung"},"content":{"rendered":"<p><strong>Buchung<\/strong><br \/>\nSie sind auf Ihrer Suche nach einer \u00dcbernachtungsm\u00f6glichkeit f\u00fcndig geworden?<br \/>\nWir konnten Sie \u00fcberzeugen? Dann z\u00f6gern Sie nicht und nehmen Sie einfach direkt Kontakt mit uns auf.<\/p>\n<p>Zur direkten Buchungsanfrage steht Ihnen au\u00dferdem nachfolgendes Formular zur Verf\u00fcgung.<\/p>\n<p>Adresse<br \/>\nWaldsteinberger Str. 2a, 04821 Brandis<\/p>\n<p>Telefon<br \/>\n0173 2966028<\/p>\n<p>E-Mail<br \/>\ninfo@fewo-waldsteinberg.de<\/p>\n<p>Bitte beachten Sie, dass Sie durch absenden Ihrer Nachricht an uns, pers\u00f6nliche Daten wie zum Beispiel Ihre E-Mail Adresse und Ihre Anschrift an uns \u00fcbermittelt werden. Mit Absenden Ihrer Nachricht, best\u00e4tigen Sie dies.<\/p>\n\n<div class=\"wpcf7 no-js\" id=\"wpcf7-f37-o1\" lang=\"de-DE\" dir=\"ltr\" data-wpcf7-id=\"37\">\n<div class=\"screen-reader-response\"><p role=\"status\" aria-live=\"polite\" aria-atomic=\"true\"><\/p> <ul><\/ul><\/div>\n<form action=\"\/index.php?rest_route=%2Fwp%2Fv2%2Fpages%2F21#wpcf7-f37-o1\" method=\"post\" class=\"wpcf7-form init\" aria-label=\"Kontaktformular\" novalidate=\"novalidate\" data-status=\"init\">\n<div style=\"display: none;\">\n<input type=\"hidden\" name=\"_wpcf7\" value=\"37\" \/>\n<input type=\"hidden\" name=\"_wpcf7_version\" value=\"6.0.6\" \/>\n<input type=\"hidden\" name=\"_wpcf7_locale\" value=\"de_DE\" \/>\n<input type=\"hidden\" name=\"_wpcf7_unit_tag\" value=\"wpcf7-f37-o1\" \/>\n<input type=\"hidden\" name=\"_wpcf7_container_post\" value=\"0\" \/>\n<input type=\"hidden\" name=\"_wpcf7_posted_data_hash\" value=\"\" \/>\n<\/div>\n<p><label> Ihr Name<br \/>\n<span class=\"wpcf7-form-control-wrap\" data-name=\"your-name\"><input size=\"40\" maxlength=\"400\" class=\"wpcf7-form-control wpcf7-text wpcf7-validates-as-required\" aria-required=\"true\" aria-invalid=\"false\" value=\"\" type=\"text\" name=\"your-name\" \/><\/span> <\/label>\n<\/p>\n<p><label> Ihre Anschrift-Stra\u00dfe<br \/>\n<span class=\"wpcf7-form-control-wrap\" data-name=\"your-street\"><input size=\"40\" maxlength=\"400\" class=\"wpcf7-form-control wpcf7-text wpcf7-validates-as-required\" aria-required=\"true\" aria-invalid=\"false\" value=\"\" type=\"text\" name=\"your-street\" \/><\/span> <\/label>\n<\/p>\n<p><label> PLZ\/Ort<br \/>\n<span class=\"wpcf7-form-control-wrap\" data-name=\"your-address\"><input size=\"40\" maxlength=\"400\" class=\"wpcf7-form-control wpcf7-text wpcf7-validates-as-required\" aria-required=\"true\" aria-invalid=\"false\" value=\"\" type=\"text\" name=\"your-address\" \/><\/span> <\/label>\n<\/p>\n<p><label> Ihre E-Mail-Adresse<br \/>\n<span class=\"wpcf7-form-control-wrap\" data-name=\"your-email\"><input size=\"40\" maxlength=\"400\" class=\"wpcf7-form-control wpcf7-email wpcf7-validates-as-required wpcf7-text wpcf7-validates-as-email\" aria-required=\"true\" aria-invalid=\"false\" value=\"\" type=\"email\" name=\"your-email\" \/><\/span> <\/label>\n<\/p>\n<p><label> Ihre Telefonnummer<br \/>\n<span class=\"wpcf7-form-control-wrap\" data-name=\"tel-349\"><input size=\"40\" maxlength=\"400\" class=\"wpcf7-form-control wpcf7-tel wpcf7-text wpcf7-validates-as-tel\" aria-invalid=\"false\" value=\"\" type=\"tel\" name=\"tel-349\" \/><\/span> <\/label>\n<\/p>\n<p><label> Anzahl Erwachsene<br \/>\n<span class=\"wpcf7-form-control-wrap\" data-name=\"Anzahl\"><input class=\"wpcf7-form-control wpcf7-number wpcf7-validates-as-number\" min=\"1\" max=\"3\" aria-invalid=\"false\" value=\"1\" type=\"number\" name=\"Anzahl\" \/><\/span><\/label>\n<\/p>\n<p><label> Anzahl Kinder<br \/>\n<span class=\"wpcf7-form-control-wrap\" data-name=\"AnzahlKids\"><input size=\"40\" maxlength=\"400\" class=\"wpcf7-form-control wpcf7-text\" aria-invalid=\"false\" value=\"\" type=\"text\" name=\"AnzahlKids\" \/><\/span><\/label>\n<\/p>\n<p><label> Anreisedatum<br \/>\n<span class=\"wpcf7-form-control-wrap\" data-name=\"text-343\"><input size=\"40\" maxlength=\"400\" class=\"wpcf7-form-control wpcf7-text\" aria-invalid=\"false\" placeholder=\"TT.MM.JJJJ\" value=\"\" type=\"text\" name=\"text-343\" \/><\/span> <\/label>\n<\/p>\n<p><label> Abreisedatum<br \/>\n<span class=\"wpcf7-form-control-wrap\" data-name=\"text-691\"><input size=\"40\" maxlength=\"400\" class=\"wpcf7-form-control wpcf7-text\" aria-invalid=\"false\" placeholder=\"TT.MM.JJJJ\" value=\"\" type=\"text\" name=\"text-691\" \/><\/span> <\/label>\n<\/p>\n<p><label> Ihre Nachricht<br \/>\n<span class=\"wpcf7-form-control-wrap\" data-name=\"your-message\"><textarea cols=\"40\" rows=\"10\" maxlength=\"2000\" class=\"wpcf7-form-control wpcf7-textarea\" aria-invalid=\"false\" name=\"your-message\"><\/textarea><\/span> <\/label>\n<\/p>\n<p><span class=\"wpcf7-form-control-wrap\" data-name=\"Datenschutz\"><span class=\"wpcf7-form-control wpcf7-checkbox wpcf7-validates-as-required wpcf7-exclusive-checkbox\" id=\"Datenschutz\"><span class=\"wpcf7-list-item first last\"><input type=\"checkbox\" name=\"Datenschutz\" value=\"Ich bin damit einverstanden, dass meine pers\u00f6nlichen Daten zwecks Bearbeitung meiner Anfrage gespeichert und verarbeitet werden. Die Eigent\u00fcmer der Ferienwohnung Waldsteinberg sichern mir zu, dass die Datenspeicherung ausschlie\u00dflich f\u00fcr die Bearbeitung meiner Anfrage notwendig ist und meine Daten nicht an Dritte und insbesondere auch nicht zu Werbezwecken verwendet oder weitergegeben werden.\" \/><span class=\"wpcf7-list-item-label\">Ich bin damit einverstanden, dass meine pers\u00f6nlichen Daten zwecks Bearbeitung meiner Anfrage gespeichert und verarbeitet werden. Die Eigent\u00fcmer der Ferienwohnung Waldsteinberg sichern mir zu, dass die Datenspeicherung ausschlie\u00dflich f\u00fcr die Bearbeitung meiner Anfrage notwendig ist und meine Daten nicht an Dritte und insbesondere auch nicht zu Werbezwecken verwendet oder weitergegeben werden.<\/span><\/span><\/span><\/span><br \/>\n<input class=\"wpcf7-form-control wpcf7-submit has-spinner\" type=\"submit\" value=\"Senden\" \/>\n<\/p><div class=\"wpcf7-response-output\" aria-hidden=\"true\"><\/div>\n<\/form>\n<\/div>\n\n<p><strong>Buchungsbedingungen<\/strong><br \/>\nDie telefonische Buchung bzw. Buchung per Internet ist bindend. Der Vertrag kommt zwischen Ihnen und Nancy &amp; Marcel Buschmann als Anbieter zustande. Der Vertrag verpflichtet beide Vertragspartner zur Erf\u00fcllung des Vertrages. Die angegebenen Preise sind Endpreise.<\/p>\n<p>Bei best\u00e4tigter Buchung wird eine Anzahlung von mind. 100 EUR, ansonsten 50 % der Buchungskosten per \u00dcberweisung zur Zahlung f\u00e4llig.<br \/>\nDie Buchungsbest\u00e4tigung erfolgt immer schriftlich.<\/p>\n<p>Sie k\u00f6nnen, sofern nichts anderes vereinbart ist, am Tag der Anreise ab 16 Uhr und am Tag der Abreise bis 10 Uhr \u00fcber die gebuchte Ferienwohnung verf\u00fcgen. Bitte informieren Sie uns vorab \u00fcber Ihre ungef\u00e4hre Ankunftszeit.<\/p>\n<p>Die Ferienwohnung verlassen Sie bitte besenrein und sollte bei Ihrer Abreise so aussehen, wie Sie diese bei Ihrer Ankunft vorgefunden haben (keine verstellten M\u00f6bel). Benutztes K\u00fcchenzubeh\u00f6r (Geschirr, T\u00f6pfe, etc.) verstauen Sie bitte sauber und gr\u00fcndlich gereinigt in den entsprechenden K\u00fcchenschr\u00e4nken.<\/p>\n<p>Das Mitbringen von Haustieren ist nicht erlaubt!<\/p>\n<p>Das Rauchen in der Wohnung ist untersagt.<\/p>\n<p>Ein R\u00fccktritt von der Buchung hat ausschlie\u00dflich schriftlich zu erfolgen. Die Vertragspartner k\u00f6nnen bis 30 Tage vor Aufenthaltsbeginn kostenfrei vom Vertrag zur\u00fccktreten. Bei R\u00fccktritt von der Buchung bis 14 Tage vor Aufenthaltsbeginn sind 50 % der Buchungskosten zu bezahlen, danach 90 % der Buchungskosten.\u00a0Bei vorzeitiger Abreise sind die Buchungskosten f\u00fcr diesen Zeitraum in voller H\u00f6he zur Zahlung f\u00e4llig.<\/p>\n<p>Kredit\u00ad bzw. EC\u00ad-Kartenzahlung ist bei uns nicht m\u00f6glich.\u00ad Sie bezahlen Ihren Aufenthalt am Tag der Anreise bar gegen Quittung\/Rechnung oder vorab durch \u00dcberweisung.<br \/>\nBei Firmen ist auch eine Vorkasse-Zahlung per \u00dcberweisung m\u00f6glich.<\/p>\n<p>Sch\u00e4den durch Mieter, die am Objekt bzw. Inventar verursacht werden, sind sofort anzuzeigen und in vollem Umfang schadenersatzpflichtig.<\/p>\n","protected":false},"excerpt":{"rendered":"<p>Buchung Sie sind auf Ihrer Suche nach einer \u00dcbernachtungsm\u00f6glichkeit f\u00fcndig geworden? Wir konnten Sie \u00fcberzeugen? Dann z\u00f6gern Sie nicht und nehmen Sie einfach direkt Kontakt mit uns auf. Zur direkten Buchungsanfrage steht Ihnen au\u00dferdem nachfolgendes Formular zur Verf\u00fcgung. Adresse Waldsteinberger Str. 2a, 04821 Brandis Telefon 0173 2966028 E-Mail info@fewo-waldsteinberg.de Bitte beachten Sie, dass Sie durch [&hellip;]<\/p>\n","protected":false},"author":1,"featured_media":0,"parent":0,"menu_order":5,"comment_status":"closed","ping_status":"closed","template":"","meta":{"footnotes":""},"class_list":["post-21","page","type-page","status-publish","hentry"],"_links":{"self":[{"href":"https:\/\/fewo-waldsteinberg.de\/index.php?rest_route=\/wp\/v2\/pages\/21","targetHints":{"allow":["GET"]}}],"collection":[{"href":"https:\/\/fewo-waldsteinberg.de\/index.php?rest_route=\/wp\/v2\/pages"}],"about":[{"href":"https:\/\/fewo-waldsteinberg.de\/index.php?rest_route=\/wp\/v2\/types\/page"}],"author":[{"embeddable":true,"href":"https:\/\/fewo-waldsteinberg.de\/index.php?rest_route=\/wp\/v2\/users\/1"}],"replies":[{"embeddable":true,"href":"https:\/\/fewo-waldsteinberg.de\/index.php?rest_route=%2Fwp%2Fv2%2Fcomments&post=21"}],"version-history":[{"count":23,"href":"https:\/\/fewo-waldsteinberg.de\/index.php?rest_route=\/wp\/v2\/pages\/21\/revisions"}],"predecessor-version":[{"id":230,"href":"https:\/\/fewo-waldsteinberg.de\/index.php?rest_route=\/wp\/v2\/pages\/21\/revisions\/230"}],"wp:attachment":[{"href":"https:\/\/fewo-waldsteinberg.de\/index.php?rest_route=%2Fwp%2Fv2%2Fmedia&parent=21"}],"curies":[{"name":"wp","href":"https:\/\/api.w.org\/{rel}","templated":true}]}}