{"id":17,"date":"2017-04-16T21:08:44","date_gmt":"2017-04-16T19:08:44","guid":{"rendered":"http:\/\/wp12911386.server-he.de\/fewo-wsb\/?page_id=17"},"modified":"2025-04-24T18:37:25","modified_gmt":"2025-04-24T16:37:25","slug":"ferienwohnung","status":"publish","type":"page","link":"https:\/\/fewo-waldsteinberg.de\/?page_id=17","title":{"rendered":"Ferienwohnung"},"content":{"rendered":"<p>Ferienwohnung f\u00fcr 2 Personen mit K\u00fcche, Bad, Wohn-\/Schlafzimmer mit TV + WLAN ab 80,-\u20ac\/Nacht*. Eine Aufbettung f\u00fcr eine 3. Person ist f\u00fcr 25,-\u20ac\/Nacht m\u00f6glich.<\/p>\n<p class=\"font_7\">Unsere Preise verstehen sind inkl. Dusch-\/ Handt\u00fccher und Bettw\u00e4sche.<\/p>\n<p>Die Endreinigung betr\u00e4gt 80,- \u20ac.<\/p>\n<p class=\"font_7\">Mindestaufenthalt: 2 N\u00e4chte<\/p>\n<p class=\"font_7\">Langzeittarife gern auf\u00a0Anfrage gegen Kaution.<\/p>\n<p>Unsere modern ausgestattete Nichtraucher-Ferienwohnung hat eine Wohnk\u00fcche mit K\u00fchl-\/Tiefk\u00fchlschrank, Herd, Sp\u00fcle, Geschirrsp\u00fcler, Wasserkocher, Toaster, Kaffeemaschine (Filter-und Pad-Maschine) und Sitzm\u00f6glichkeit.<br \/>\nDas Bad ist mit Waschbecken, WC und Dusche ausgestattet.<\/p>\n<p>Das Wohn-\/Schlafzimmer ist mit einem trennbaren Doppelbett, Schrank, Sitzgelegenheit und TV ausgestattet.<\/p>\n<p>Eine kleine Terrasse mit Grillm\u00f6glichkeit steht Ihnen zur Verf\u00fcgung.<\/p>\n<p>Sie haben die M\u00f6glichkeit, ihr Auto direkt vor dem Haus zu parken.<\/p>\n<p>Einkaufsm\u00f6glichkeiten finden Sie in der N\u00e4he.<\/p>\n<p>Haustiere sind nicht erw\u00fcnscht.<\/p>\n<p>Die angegebenen Preise enthalten alle anfallenden Kosten.\u00a0Die Hinterlegung einer Kaution ist nur bei Langzeitmietung notwendig.<\/p>\n<p>Eine Anzahlung von 50 % ist innerhalb einer Woche nach Erhalt der Reservierungsbest\u00e4tigung per Bank\u00fcberweisung oder PayPal zu leisten, die Zahlung des Restbetrages erfolgt in Bar, bei Anreise oder vorab per \u00dcberweisung (bei 2 N\u00e4chten ist der volle Betrag vorab zu bezahlen). Bei sehr kurzfristiger Buchung ist auch eine Komplettzahlung bei Anreise, ohne Anzahlung m\u00f6glich.<\/p>\n<p>&nbsp;<\/p>\n<p>*zu Messezeiten wie z.B. Buchmesse\/ OTWorld oder diversen Veranstaltungen z.B. Highfield-Festival\/ Firebirds Festival gelten andere \u00dcbernachtungspreise.<\/p>\n","protected":false},"excerpt":{"rendered":"<p>Ferienwohnung f\u00fcr 2 Personen mit K\u00fcche, Bad, Wohn-\/Schlafzimmer mit TV + WLAN ab 80,-\u20ac\/Nacht*. Eine Aufbettung f\u00fcr eine 3. Person ist f\u00fcr 25,-\u20ac\/Nacht m\u00f6glich. Unsere Preise verstehen sind inkl. Dusch-\/ Handt\u00fccher und Bettw\u00e4sche. Die Endreinigung betr\u00e4gt 80,- \u20ac. Mindestaufenthalt: 2 N\u00e4chte Langzeittarife gern auf\u00a0Anfrage gegen Kaution. Unsere modern ausgestattete Nichtraucher-Ferienwohnung hat eine Wohnk\u00fcche mit K\u00fchl-\/Tiefk\u00fchlschrank, [&hellip;]<\/p>\n","protected":false},"author":1,"featured_media":0,"parent":0,"menu_order":3,"comment_status":"closed","ping_status":"closed","template":"","meta":{"footnotes":""},"class_list":["post-17","page","type-page","status-publish","hentry"],"_links":{"self":[{"href":"https:\/\/fewo-waldsteinberg.de\/index.php?rest_route=\/wp\/v2\/pages\/17","targetHints":{"allow":["GET"]}}],"collection":[{"href":"https:\/\/fewo-waldsteinberg.de\/index.php?rest_route=\/wp\/v2\/pages"}],"about":[{"href":"https:\/\/fewo-waldsteinberg.de\/index.php?rest_route=\/wp\/v2\/types\/page"}],"author":[{"embeddable":true,"href":"https:\/\/fewo-waldsteinberg.de\/index.php?rest_route=\/wp\/v2\/users\/1"}],"replies":[{"embeddable":true,"href":"https:\/\/fewo-waldsteinberg.de\/index.php?rest_route=%2Fwp%2Fv2%2Fcomments&post=17"}],"version-history":[{"count":29,"href":"https:\/\/fewo-waldsteinberg.de\/index.php?rest_route=\/wp\/v2\/pages\/17\/revisions"}],"predecessor-version":[{"id":225,"href":"https:\/\/fewo-waldsteinberg.de\/index.php?rest_route=\/wp\/v2\/pages\/17\/revisions\/225"}],"wp:attachment":[{"href":"https:\/\/fewo-waldsteinberg.de\/index.php?rest_route=%2Fwp%2Fv2%2Fmedia&parent=17"}],"curies":[{"name":"wp","href":"https:\/\/api.w.org\/{rel}","templated":true}]}}