{"id":12,"date":"2017-04-16T21:02:55","date_gmt":"2017-04-16T19:02:55","guid":{"rendered":"http:\/\/wp12911386.server-he.de\/fewo-wsb\/?page_id=12"},"modified":"2017-09-06T06:52:12","modified_gmt":"2017-09-06T04:52:12","slug":"standort","status":"publish","type":"page","link":"https:\/\/fewo-waldsteinberg.de\/?page_id=12","title":{"rendered":"Standort"},"content":{"rendered":"<p style=\"text-align: left;\">Unsere Ferienwohnung liegt in Waldsteinberg, dies ist ein von Wald umgebener Stadtteil von Brandis im Landkreis Leipzig, Sachsen.<\/p>\n<p style=\"text-align: left;\">Verkehrstechnisch sind wir sehr gut angebunden. Das nah gelegene Autobahndreieck A14\/A38 bietet Ihnen die M\u00f6glichkeit, Leipzigs Innenstadt, die Neue Messe Leipzig, den Freizeit- und Vergn\u00fcgungspark &#8222;Belantis&#8220;, das Leipziger Neuseenland, das BMW- oder Porsche-Werk sowie den Flughafen Leipzig\/Halle in nur wenigen Autominuten zu erreichen.<\/p>\n<p style=\"text-align: left;\">Wie der Name es schon sagt, sind wir in &#8222;Waldsteinberg&#8220;\u00a0umgeben von Wald, Steinen und einem Berg, dem Kohleberg. Ein Spaziergang am Teich, durch den Wald oder zum Steinbruch lassen Sie den Stress des Alltages schnell vergessen. In der N\u00e4he gibt es auch zahlreiche Badeseen, die zum Erholen, Entspannen und Kraft tanken einladen.<\/p>\n<p style=\"text-align: left;\">Das erm\u00f6glicht es uns, unsere Ferienwohnung nicht nur f\u00fcr Pendler und Monteure zum \u00fcbernachten anzubieten, sondern macht uns auch f\u00fcr s\u00e4mtliche andere Urlauber attraktiv.<\/p>\n<p><strong>Informationen zur Umgebung <\/strong><br \/>\nBrandis ist eine Stadt im s\u00e4chsischen Landkreis Leipzig, etwa 20\u00a0km \u00f6stlich von Leipzig. Sie erstreckt sich im Osten der Leipziger Tieflandsbucht und entstand aus dem Zusammenschluss von Beucha und der Stadt Brandis am 1. Januar 1999. Die Landschaft wird gepr\u00e4gt durch den 179\u00a0m hohen Kohlenberg mit seiner waldreichen Umgebung. Der Ortsteil Waldsteinberg liegt mitten in dieser waldreichen h\u00fcgeligen Landschaft. Die Gemeinde Beucha wird durch die weithin sichtbare Bergkirche gepr\u00e4gt. Im Stadtgebiet befinden sich auch mehrere Granitporphyrsteinbr\u00fcche. In diesen wurden unter anderem auch die Steine f\u00fcr das V\u00f6lkerschlachtdenkmal in Leipzig gebrochen. Brandis liegt s\u00fcdlich der B6 und n\u00f6rdlich der A14. Diese ist \u00fcber die Abfahrt Naunhof (ca. 4\u00a0km) erreichbar. Leipzig liegt ca. 18\u00a0km westlich und die Stadt Wurzen ca. 15\u00a0km \u00f6stlich der Gemeinde. Die Bahnstrecke (Leipzig\u2013)Borsdorf\u2013D\u00f6beln\u2013Coswig(\u2013Dresden) verl\u00e4uft durch Beucha. 1898 und 1911 wurde in zwei Abschnitten die 2006 f\u00fcr den Personenverkehr eingestellte Bahnstrecke Beucha\u2013Trebsen er\u00f6ffnet. Die Bergkirche von Beucha ist nicht nur ein sch\u00f6nes Ausflugsziel, sondern auch ein beliebtes Foto-Motiv. Man hat von ihr aus einen wunderbaren Blick auf Leipzig und Umgebung. F\u00fcr alle die Hoch-Hinaus-Wollen, gibt es in Beucha einen Kletterwald. Auch sehenswerte Ausflugsziele in der Umgebung laden zu einem Besuch ein, so zum Beispiel:<\/p>\n<ul>\n<li>Schloss und Park zu Machern (ca. 6 km entfernt)<\/li>\n<li>die Ringelnatz-Stadt Wurzen (ca. 16 km entfernt)<\/li>\n<li>das Schloss Trebsen (ca. 16 km entfernt)<\/li>\n<li>historische Altstadt Grimma (ca. 16 km entfernt)<\/li>\n<li>Leipzig-Zentrum (ca. 18 km entfernt)<\/li>\n<li>Kanupark Markkleeberg (ca. 19 km entfernt)<\/li>\n<li>Neue Messe Leipzig (ca. 21 km entfernt)<\/li>\n<li>BMW-Werk Leipzig (ca. 22 km entfernt)<\/li>\n<li>Leipziger Neuseenland (ca. 24 km enfernt)<\/li>\n<li>Freizeit- und Vergn\u00fcgungspark Belantis (ca. 27 km entfernt)<\/li>\n<li>Porsche Leipzig (ca. 30 km entfernt)<\/li>\n<li>Flughafen Leipzig-Halle (ca. 33 km entfernt)<\/li>\n<li>der Mittelalterliche Stadtkern und das Schloss Colditz (ca. 30 km entfernt)<\/li>\n<li>Dresden Zentrum (ca. 95 km entfernt)<\/li>\n<\/ul>\n<p><img loading=\"lazy\" decoding=\"async\" class=\"aligncenter wp-image-14 size-full\" src=\"http:\/\/wp12911386.server-he.de\/fewo-wsb\/wp-content\/uploads\/2017\/04\/maps.jpg\" alt=\"Standort\" width=\"979\" height=\"602\" srcset=\"http:\/\/wp12911386.server-he.de\/fewo-wsb\/wp-content\/uploads\/2017\/04\/maps.jpg 979w, http:\/\/wp12911386.server-he.de\/fewo-wsb\/wp-content\/uploads\/2017\/04\/maps-300x184.jpg 300w, http:\/\/wp12911386.server-he.de\/fewo-wsb\/wp-content\/uploads\/2017\/04\/maps-768x472.jpg 768w\" sizes=\"auto, (max-width: 979px) 100vw, 979px\" \/><\/p>\n","protected":false},"excerpt":{"rendered":"<p>Unsere Ferienwohnung liegt in Waldsteinberg, dies ist ein von Wald umgebener Stadtteil von Brandis im Landkreis Leipzig, Sachsen. Verkehrstechnisch sind wir sehr gut angebunden. Das nah gelegene Autobahndreieck A14\/A38 bietet Ihnen die M\u00f6glichkeit, Leipzigs Innenstadt, die Neue Messe Leipzig, den Freizeit- und Vergn\u00fcgungspark &#8222;Belantis&#8220;, das Leipziger Neuseenland, das BMW- oder Porsche-Werk sowie den Flughafen Leipzig\/Halle [&hellip;]<\/p>\n","protected":false},"author":1,"featured_media":0,"parent":0,"menu_order":2,"comment_status":"closed","ping_status":"closed","template":"","meta":{"footnotes":""},"class_list":["post-12","page","type-page","status-publish","hentry"],"_links":{"self":[{"href":"https:\/\/fewo-waldsteinberg.de\/index.php?rest_route=\/wp\/v2\/pages\/12","targetHints":{"allow":["GET"]}}],"collection":[{"href":"https:\/\/fewo-waldsteinberg.de\/index.php?rest_route=\/wp\/v2\/pages"}],"about":[{"href":"https:\/\/fewo-waldsteinberg.de\/index.php?rest_route=\/wp\/v2\/types\/page"}],"author":[{"embeddable":true,"href":"https:\/\/fewo-waldsteinberg.de\/index.php?rest_route=\/wp\/v2\/users\/1"}],"replies":[{"embeddable":true,"href":"https:\/\/fewo-waldsteinberg.de\/index.php?rest_route=%2Fwp%2Fv2%2Fcomments&post=12"}],"version-history":[{"count":7,"href":"https:\/\/fewo-waldsteinberg.de\/index.php?rest_route=\/wp\/v2\/pages\/12\/revisions"}],"predecessor-version":[{"id":120,"href":"https:\/\/fewo-waldsteinberg.de\/index.php?rest_route=\/wp\/v2\/pages\/12\/revisions\/120"}],"wp:attachment":[{"href":"https:\/\/fewo-waldsteinberg.de\/index.php?rest_route=%2Fwp%2Fv2%2Fmedia&parent=12"}],"curies":[{"name":"wp","href":"https:\/\/api.w.org\/{rel}","templated":true}]}}